e b(h).
5
Let q(j) = -8*j**2 - 50 - 5*j - j + 45. Determine q(-1).
-7
Let t(o) = 2*o + 1. Let z(w) = -10*w - 29. Let u(p) = 6*t(p) + z(p). Give u(10).
-3
Let b(l) = -l - 2. Let d = 22 - 61. Let t = d + 41. What is b(t)?
-4
Let o(b) be the first derivative of b**6/360 - b**5/60 + b**4/6 - 2*b**3/3 + 3. Let f(z) be the third derivative of o(z). Determine f(3).
7
Let k(n) = 2*n**2 + 25*n - 15. Let b be k(-13). Let q(w) = -8*w**2 + 11*w - 2. Let y(u) = -4*u**2 + 5*u - 1. Let l(v) = b*q(v) + 5*y(v). What is l(2)?
-11
Suppose 54 = -0*p + 6*p. Suppose -8 = 5*d - p*d. Let m(t) = -t**3 + 2*t. Calculate m(d).
-4
Let i(y) be the third derivative of y**4 + 29*y**3/6 + 7*y**2. Let l(s) = -6*s - 7. Let k(n) = -2*i(n) - 9*l(n). Determine k(-4).
-19
Let t = 15 - 15. Suppose m - 2*p + 10 = 6*m, t = -4*m - 5*p + 8. Let q(r) = 2*r**2 + 5*r + 2 - r**2 - 8 - 2*r**m. Give q(4).
-2
Let g be (-2)/(-4) + 15/10. Let w be (-9)/g*(-6 - -4). Let x(b) = b**3 - 10*b**2 + 10*b - 4. Let i be x(w). Let s(j) = j**3 - 6*j**2 + 5*j + 3. Calculate s(i).
3
Let w(p) = 8*p + 4. Let y be 5*(-26)/(-65) - 5. Give w(y).
-20
Suppose -4*n + 30 = -2*n. Suppose h = -4*h + n. Let y(l) = 7 + l**2 - 14 + h - 4*l. What is y(4)?
-4
Let s = 1491 + -1485. Let i(t) = -t + 2. What is i(s)?
-4
Let f(j) = -4*j + 0*j**2 - 3*j**2 + 0*j**2 + j**3 + 3*j - 1 + 2*j. Calculate f(3).
2
Let g(w) = -4*w - 4. Let a be g(-2). Let y(b) = -33 - b + 26 + 2*b. What is y(a)?
-3
Let s = -468 + 460. Let p(u) = u**3 + 9*u**2 + 11*u + 8. Give p(s).
-16
Suppose -4*c - 7 = b - 0*c, -4 = -2*b + c. Suppose 3*g - 22 = 2*g + 5*x, 0 = -2*g - 5*x - b. Let h(j) = j + 2*j + j + g - 3*j. Calculate h(0).
7
Let f = -32/3 - -23/2. Let m(s) be the second derivative of -5*s - 1/2*s**4 - 1/20*s**5 + 0 - 3/2*s**2 - f*s**3. Determine m(-5).
-3
Let i(k) = -k**2. Let a(b) = 2*b**2 + 7*b + 2. Let c(y) = a(y) + i(y). Suppose -2*t = -6*u + 3*u + 44, -4*t = 16. Let z = -19 + u. Determine c(z).
2
Let n = -21 - -26. Let b be (0 + -1)*(n - 4). Let d(x) = 11*x**2 - 1. Determine d(b).
10
Suppose y = r + 5, -10 = -55*y + 53*y - 3*r. Let h(b) = 2*b**2 - 11*b + 9. What is h(y)?
4
Let t(v) be the second derivative of -v**3/6 + 9*v**2/2 + 31*v + 5. What is t(-7)?
16
Suppose -2 = -2*p - i, 4*p - 32 = 3*i + 2*i. Let q(n) = 2*n**3 - 4*n + 3*n + 2 + 3*n**2 + p*n. Let d(z) = 4*z - 50. Let u be d(12). Determine q(u).
-6
Let o = -30 - -98. Suppose 53 = -5*z + o. Let y(i) = -i**3 + 4*i**2 - i - 4. Calculate y(z).
2
Let b(t) = t**3 - 5*t**2 - 5*t + 9. Let q be 87/7 - (-4)/7. Suppose -16*o = -q*o - 12. Suppose 3*h + 15 = 5*w, -o*h + 14 + 36 = 5*w. Give b(w).
15
Let v(p) = -p**2 - p. Suppose 0 = 4*c + 3*j + 32, -c - 2*j + 7*j - 8 = 0. Let g(i) = -i**2 - 12*i - 2. Let b be g(c). Let t = b + -28. Give v(t).
-6
Let f(n) = -n**3 + 6*n**2 - 8*n + 5. Let p be (-14)/(-4) - 3/(-6). Suppose 5*k + p*k = 45. Give f(k).
-10
Let q(a) be the second derivative of 3*a**3 - a**2/2 + 423*a. Determine q(-2).
-37
Let z be 6 + 25/(-5) + 1. Let j(p) = 3*p**3 - 3*p**2 + 3*p - 1. What is j(z)?
17
Let n(y) = y - 13. Suppose 20 = 11*d - 79. Calculate n(d).
-4
Let q(h) = 1 + 1 - h - 8 + 2 + 0. Let c be 2/(-2)*(1 - -1). What is q(c)?
-2
Let u be (1 + (-3)/2)*-4. Suppose -4*i - 17 = 3*a, 3*a = i - u*a - 13. Let b be 252/(-66) + i/11. Let c(s) = -s**2 - 4*s + 4. Calculate c(b).
4
Let p(n) = -n**2 - 31*n + 25. Let m(f) = -f**2 - 37*f + 27. Let a(h) = -4*m(h) + 5*p(h). Calculate a(-8).
9
Let r(s) be the second derivative of -s**6/60 - s**5/30 - s**4/12 - s**3/3 + 25*s**2/2 - 40*s. Let d(l) be the first derivative of r(l). Determine d(-2).
10
Let b = -10 + 12. Let z be (b - 1)/(4/24). Suppose l + 1 = z. Let n(m) = m**2 - 7*m + 5. Calculate n(l).
-5
Let l(x) = 17*x + 1. Let s(a) = -3*a + 8. Let g(h) = -3*h + 9. Let q(u) = 6*g(u) - 7*s(u). Let o be q(1). Determine l(o).
18
Let f = -31 - -33. Let v(n) = f*n + 3*n + 1 + 0 - 63*n**2 + 62*n**2. Give v(3).
7
Let x be 1/(((-2)/(-14))/(-1)). Let d = -15 + x. Let u = d + 16. Let f(s) = -s**2 - 8*s - 2. What is f(u)?
10
Suppose 206 + 10 = -8*y. Let u = 31 + y. Let z(s) = s**2 - 6*s + 2. Give z(u).
-6
Let k(s) = -s**2 - s + 1. Let q(c) = -3*c**2 - 2*c + 10. Let d(i) = -4*k(i) + q(i). Let y = 18 - 22. Give d(y).
14
Let u(j) = -2*j**2 + 28*j - 91. Let q be u(4). Let x(a) = -a - 16. Give x(q).
-5
Let h(m) = m**3 - 6*m**2 - 5*m - 10. Let d = 1128 + -1121. Determine h(d).
4
Suppose 1 = 2*h - 3. Suppose 3*g + h*w - 6 = 0, w + 8 = 4*g + 3*w. Let s(x) = -2*x**3 + 1 + 3*x**3 + x + 6*x**g - 5*x**2. Give s(-1).
0
Let t(o) be the first derivative of -o**3/3 - 4*o + 3. Let r = -6 + 6. What is t(r)?
-4
Let j(b) be the first derivative of b + 1/3*b**4 + 1/20*b**5 - 1/2*b**2 - 1/3*b**3 - 2. Let v(q) be the first derivative of j(q). Determine v(-2).
11
Let w(g) = -12 + 50*g**2 + 11 - 37*g**2. Determine w(-1).
12
Let n(s) = s**2 - 16*s + 22. Let w be n(15). Suppose 0 = t + q - 2, -2*t - 5*q + 0 = -w. Let f(l) = -5*l**2. Calculate f(t).
-5
Let b(l) be the third derivative of l**4/12 - 7*l**3/3 - 12*l**2 + 14*l. Suppose 16 = q - r + 3, r + 43 = 4*q. Give b(q).
6
Suppose -6*w = -2*w - 4. Let p(d) = -d + 7. Let x(m) = 1. Let g(o) = w*p(o) + 6*x(o). Give g(11).
2
Let k be (-10)/(-6)*(-2 + -1). Let i(u) be the first derivative of 2*u**2 - 6. Let h(x) = x. Let m(r) = -5*h(r) + i(r). Calculate m(k).
5
Let o(d) = 0 + 4*d + 0 - 1 - 9*d**2 + 8*d**2. Determine o(5).
-6
Let t(w) = w**3 + w**2 - w. Let d(r) = r**3 - 2*r**2 + 2*r + 3. Let m(p) = p**3. Let g(f) = -d(f) + 5*m(f). Let c(k) = g(k) - 3*t(k). Determine c(0).
-3
Let w(f) = -13*f**2 - 4*f - 3. Let s = -10 + 1. Let g(k) be the first derivative of k**3 + k**2/2 + k + 1. Let q(d) = s*g(d) - 2*w(d). What is q(0)?
-3
Let o(f) = 3*f**2 + 5*f + 8. Let l(p) = p**2 + 2*p + 1. Let s(x) = -4*x**2 - 7*x - 4. Let b(j) = -7*l(j) - 2*s(j). Let q(n) = -2*b(n) + o(n). Give q(-4).
2
Suppose -5*g + h - 75 = 0, -g - h = -4*g - 45. Let m = g + 18. Let b(s) be the first derivative of -2*s**3/3 + 2*s**2 - 3. Determine b(m).
-6
Suppose 3*u + u - 15 = y, -15 = 2*y - 5*u. Let o(c) = 4*c - 3. Calculate o(y).
17
Let q(s) = s**2 + 2*s - 4. Let p be q(-4). Suppose -3*j = -7*j + 4*t - 8, 16 = 4*t. Let b(c) = -8*c**2 + c**3 - 3 + 0*c**2 + c + 4*c**j. What is b(p)?
1
Let p(y) = y - 7. Let o(x) = x**3 - 5*x**2 + 4*x. Suppose -5*i = -4*j, -3*i + 0*j = j - 17. Let s be o(i). Give p(s).
-7
Let d(u) = u**3 + 2*u**2 - 2*u + 3. Let x = 154 - 152. Suppose -x*b - 9 = b. Calculate d(b).
0
Let y(z) = 6*z + 8. Let c(h) = 9*h + 11. Let v(l) = -5*c(l) + 7*y(l). Suppose m - 2 = 1. Give v(m).
-8
Suppose v + 2*f - 1 = 3, -f - 31 = -5*v. Let b = -14 - -6. Let p = b + v. Let o(w) = -w**2 + 2. What is o(p)?
-2
Let h = 0 + 0. Let v be h/1*(-5)/10. Let y(t) be the third derivative of -t**4/24 + 2*t**3 - t**2. Calculate y(v).
12
Let y(v) = -v. Let z(q) = -q**3 + 8*q**2 + 8*q + 11. Let g be z(9). Let x(j) = -7 + 2*j**g + 1 - j**2. Let i be x(-3). Calculate y(i).
-3
Let r(w) = w - 2 - 7 + 2 + w. Let a = 9 + -3. Determine r(a).
5
Let q(r) be the second derivative of r**5/20 + 23*r**4/12 + 7*r**3/2 - 12*r**2 - 139*r. Calculate q(-22).
-2
Let l(w) = w**3 - 3*w**2 - 3. Let y(a) = -a**3 - 7*a**2 - 6*a + 3. Suppose 0 = -16*q + 11*q - 30. Let d be y(q). Calculate l(d).
-3
Let f(g) = -g + 12. Let w be 1/(-2) - 52/(-8). Let y be f(w). Let a(o) = o - 1. Let n(h) = -1. Let v(d) = -a(d) - 6*n(d). What is v(y)?
1
Suppose -2*a + 1 + 3 = 0. Suppose -w + 0*w + 6 = -5*t, 3*t + 5 = a*w. Let z(u) = 4*u**3 - u**2 + u. Give z(w).
4
Let t be 26/4 + ((-90)/(-12) - 7). Suppose -t*l + 0*l + 42 = 0. Let s(p) = p - 4*p + 3 + 2*p. Calculate s(l).
-3
Let h(j) be the second derivative of -j**5/30 + j**4/3 - 5*j**3/6 - 15*j**2/2 - 11*j. Let r(v) be the first derivative of h(v). What is r(5)?
-15
Let g(c) = -3*c + 15. Suppose 5*d + 14*z - 10*z - 55 = 0, -33 = -4*d - z. Give g(d).
-6
Suppose 10*y - 229 = -189. Let h(i) = i**3 - 3*i**2 - 6*i + 5. Determine h(y).
-3
Let s(i) be the third derivative of -i**4/24 - 5*i**3/6 - 81*i**2 - 2*i. What is s(7)?
-12
Let j(c) = c**2 + 7*c - 12. Let s = -95 - -87. What is j(s)?
-4
Let d be -1 - ((0 - -1) + -2). Let b(u) be the first derivative of -u**2/2 + 3*u - 329. Determine b(d).
3
Let i = 17 + -27. Let t = 12 + i. Suppose 6*p - t*p = -12. Let m(o) = o**3 + 3*o**2 + 3*o + 2. Give m